 What is the tens digit of 41*(l - (2 - -1))?
4
Suppose 0 = -2*p + p + 21. Let x be (-2)/(1 - p/24). Let t = x - -38. What is the units digit of t?
2
Let y = 18 - -60. Let d = -30 + y. What is the units digit of d?
8
Let b(n) = 54*n - 4. Let t be b(-8). Let l = t - -612. What is the hundreds digit of l?
1
Let k(j) = -j + 8. Let v be k(5). Let x be v + (0 + -2 - 10). What is the tens digit of ((-84)/x)/((-2)/(-6))?
2
Suppose -5*d + 4570 = 3*w + 2*w, 0 = 3*w + 3. What is the units digit of d?
5
Suppose 0 = -4*q - 5*z + 1887, -18*q + 4*z = -21*q + 1414. What is the units digit of q?
8
Let u = 1148 - -151. What is the units digit of u?
9
Let r(w) = w**3 - 3*w**2 - w - 14. What is the tens digit of r(9)?
6
Let v(t) be the third derivative of t**5/30 - t**4/12 - t**3/6 - 27*t**2. Suppose -4*k = 10 + 2. What is the tens digit of v(k)?
2
Let j = 63 + -77. Let k = 2 - 9. Let m = k - j. What is the units digit of m?
7
Let m be (2/(-2))/(1/(-3)). Suppose -m*v - 3*o - 2*o + 109 = 0, -5*o = 2*v - 81. Let y = v - -23. What is the units digit of y?
1
Let k(j) = j**3 - 6*j**2 + 2*j + 5. Let n be 8 + 1/((-3)/9). Let b be k(n). What is the tens digit of (3 - 1)/2 - b?
1
Suppose -3*u - d = -2083, -4*u + d - 3471 = -9*u. What is the units digit of u?
4
Let a = 30 - 16. Suppose 2*y - t + 8 = t, t - 20 = 5*y. Let w = a + y. What is the units digit of w?
0
Let z = 11 - 9. Let o be z*141/6 - 1. Suppose 162 = 4*l + o. What is the units digit of l?
9
Let w = 28 + -35. Let x = w + 13. What is the units digit of x?
6
Suppose 0 = -150*q + 148*q - 220. Let y(g) = g - 44. Let f be y(0). What is the tens digit of (-176)/(-10)*q/f?
4
Suppose 5467 = 4*x + 2*a - 927, 4*x - 6404 = -4*a. What is the tens digit of x?
9
Let t be (-16)/5 - (-3)/15. Let f be (28 + t)*-35 + 3. What is the tens digit of f/(-36) + (-2)/9?
2
Let j = -2469 - -5203. What is the thousands digit of j?
2
Suppose 4*p - p = 9. Suppose -x - p*x + i = -15, 4*i + 15 = x. Suppose 24 = 5*r - 3*z, -r - x*z = r + 3. What is the units digit of r?
3
Suppose 844 + 4136 = 12*w. What is the units digit of w?
5
Let i be (4/(-6))/((-2)/(-3)). Let z(b) = 2*b + 2. Let f be z(i). What is the tens digit of (f + 9)*7/3?
2
Suppose 4*d + 5*d + 54 = 0. What is the units digit of (-5)/(d/(-20) - 1/2)?
5
What is the thousands digit of (-773300)/(-333) + (12/27)/(-2)?
2
Let q(v) = -180*v + 7. What is the units digit of q(-5)?
7
Let c = -6 + 11. Suppose f + 38 = c*f + 2*q, 5*f = -4*q + 43. What is the units digit of f?
1
Suppose -2*d - 5 = -u, 0 = -5*u - d + 5*d + 55. What is the tens digit of (-399)/(-15) + 6/u?
2
Let f(k) = k**3 + 20*k**2 - 2*k - 47. Let p be f(-20). What is the units digit of 11 - p/(21/(-15))?
6
Let u = 1746 - 1307. What is the hundreds digit of u?
4
Suppose -1131 = -12*v + 11*v. What is the tens digit of v?
3
Suppose f - 3*b - 4 + 11 = 0, f = b - 5. Let g(m) = m**3 + 5*m**2 + 6*m + 6. Let l be g(f). What is the tens digit of (-368)/(-20) + l/5?
1
Let n = 498 + -83. What is the tens digit of n?
1
Suppose -3*y = -16*y + 2470. What is the tens digit of y?
9
Suppose -2*h + 154 = 4*v, v - 149 = -2*h - 2*v. Let i = -60 + h. What is the units digit of i?
7
Let v be 20 - (-7)/((-21)/(-6)). Suppose -5*s + 2*c - v = 0, -s = -3*c - 4 + 11. Let l = 4 - s. What is the units digit of l?
8
Let q(u) = -u**3 + 16*u**2 + 30*u - 47. What is the tens digit of q(16)?
3
Suppose -11*f + 4064 = -4945. What is the tens digit of f?
1
Let k(p) = -69*p - 21. Let r be k(-7). Let i = -201 + r. What is the units digit of i?
1
Let i(x) = 200*x**2 + 51*x + 14. What is the units digit of i(-5)?
9
Let n be (1/((-1)/(-4)))/(44/33). Suppose -336 = -3*i + 3*p, -i + 2*p - 204 = -n*i. What is the hundreds digit of i?
1
Let a(v) be the second derivative of -v**3/6 - 4*v. Let l be a(-5). Suppose n - l*n = -88. What is the units digit of n?
2
Suppose 2*j - 3*j + 167 = 0. Suppose -y + 3*b + 140 = -25, -j = -y + 2*b. What is the tens digit of y?
7
Let g = -65 - -563. What is the hundreds digit of g?
4
Let o = -475 - -1502. What is the hundreds digit of o?
0
Suppose -160 = -5*g + g. Let i = g - 2. What is the tens digit of i?
3
Let o(u) = u**3 - 4*u**2 + u. Suppose -2*r = 5*d - 32, 4*r + r - 80 = d. Suppose -v - 3*v + r = 0. What is the units digit of o(v)?
4
Suppose 0 = -2*a - 4*b + 1156, -3*a - 4*b = a - 2300. What is the units digit of a?
2
Let r(c) = 6*c. Suppose -2*h = -y - 0*y - 16, h - y - 7 = 0. Let x be r(h). Let n = 76 - x. What is the units digit of n?
2
Suppose y = -4*t + 5*y + 4, 2*t - 4*y = 0. Suppose 3*l + t*z + 0*z = 554, 0 = -2*l + 4*z + 364. What is the tens digit of l?
8
Let s(u) = -u**2 - 10*u + 14. Let w be s(-11). Let x(i) = 18*i**2 - 2*i - 3. What is the hundreds digit of x(w)?
1
Let x(l) = 115*l - 6. Let b be x(2). What is the units digit of (6/4)/(6/b)?
6
Suppose -2*m + 9 + 25 = 3*y, -2*y - 4 = -4*m. Let o be -8 + -4 + y + 94. Suppose r - 3*r = -o. What is the tens digit of r?
4
Let d = 6 + -8. Let z = 2 + d. Suppose z*o + 64 = 2*o. What is the tens digit of o?
3
Suppose -4*f - 3*y = 2*y - 117, 4*f + 2*y - 102 = 0. Suppose 3*a = 65 + 1. Suppose f = 3*w - a. What is the tens digit of w?
1
Suppose -5*n - 5*r - 25 = 0, n = r - 5*r - 20. Suppose 3*c - 180 = -3*a - 2*c, n = a + c - 60. What is the tens digit of a?
6
Suppose -4*c - 3*t = -5, -t + 0 = -5*c + 11. Let u(g) = 4*g**2 + 20 + 4*g**c - 7*g**2. What is the tens digit of u(0)?
2
Let n(l) = l**3 + 4*l**2 + 2. Suppose 10 = -f - 3*g, 3*f - 3*g + 2 = f. What is the units digit of n(f)?
2
Let t = -12 - -18. Let g(u) = 5*u**2 + 4*u - 22. What is the tens digit of g(t)?
8
Let p(f) = f**3 - 5*f**2 + 3. Let l be p(5). Suppose 2*d = 9 + l. Suppose -25 = -d*b + b. What is the units digit of b?
5
Let w = -8 + 10. Let h be ((-3)/(-2))/(1/w). Suppose 3 = h*t - 0*t, 2*k - 56 = -2*t. What is the tens digit of k?
2
Suppose -3*h - 4*o + 9052 = 0, -h - 6*o = -o - 3010. What is the hundreds digit of h?
0
Let d(b) = 6*b**3 - b**2 + 3. Let k be d(3). Let v = k - 52. What is the hundreds digit of v?
1
Suppose 148 - 38 = g. Let l be (1/(-2))/((-11)/g). Suppose l + 0 = h. What is the units digit of h?
5
Let g(a) = -3*a**3 - 16*a**2 - 9*a - 12. Let b(q) = -q**3 - q**2 + q - 1. Let h(p) = 4*b(p) - g(p). What is the units digit of h(13)?
8
Let d be 29/(-4) - 8/(-32). Let q(x) = x + 12. Let g be q(d). Suppose -3*j + g + 13 = 0. What is the units digit of j?
6
Suppose -12 - 4 = -4*v. Suppose 2*j - 5*j = h - 11, -v*j - 2*h + 16 = 0. What is the units digit of j + -1*(-12 - 3)?
8
Let g = -70 + 4. What is the units digit of 6/2 - (g - 0)?
9
What is the hundreds digit of (-6402)/(-14) - 24/84?
4
Suppose 2*x - 37 - 27 = 0. Suppose 34*r - 112 = x*r. What is the units digit of r?
6
Let s be -1 + -4 + 3 - 1*-22. Let m = s + -6. What is the tens digit of m?
1
Let u(v) = -85*v**3 - 29*v**2 + 13*v + 11. What is the hundreds digit of u(-4)?
9
Let c = 16 - 16. Suppose -4*l - 4 = 5*m, l + c*l - 4*m - 20 = 0. Suppose l*d = 3*d + 46. What is the units digit of d?
6
Suppose 3339 = 61*q - 2700. What is the units digit of q?
9
What is the tens digit of (23994/124)/(3/14)?
0
Suppose -10*n = -7*n + 5*d - 8381, n = -5*d + 2787. What is the thousands digit of n?
2
Let i be (-96)/(-4)*(-8)/12. What is the units digit of (-15)/(-2)*i/(-20)?
6
Let h(w) = 7*w**2 - w - 12. Let b be h(-4). Let t = 148 - b. What is the tens digit of t?
4
Suppose 5*z + 45 = 4*c + 17, -5*z - 4*c = 52. Suppose -351 = -185*l + 176*l. What is the units digit of l*1*(-7 - z)?
9
Let g = 52 + -137. Let d = g + 142. What is the tens digit of d?
5
Suppose -l - 2 = -m, -13 = -2*m - 2*m - l. Suppose -3*p = 8 + 1. What is the tens digit of (-52)/p + (-1)/m?
1
Let t(w) be the first derivative of 11*w**2/2 + 13*w - 8. What is the units digit of t(3)?
6
Let z(c) = 2*c**2 + 9*c + 7. Let t be z(-8). Suppose 3*k = -0*q + 2*q - t, 0 = -2*k + 6. What is the units digit of q?
6
Let c(a) = 21*a + 3. Let p be c(4). Suppose 3*i - p = 63. What is the tens digit of i?
5
What is the tens digit of (3/2)/(12/2056)?
5
What is the units digit of (-59 + (-1 - 0))*50/(-125)?
4
Suppose o = -3*c - 4*o, -4*c = o - 17. Let q(b) = 7*b**2 + 3*b - 4. Let a be q(-3). Suppose -p + a = 5*i, -5*p + 0*i = c*i - 150. What is the units digit of p?
5
Suppose 2*w - 18 = -5*t, -5*t + 35 - 5 = 5*w. Suppose